110?
99
What is the remainder when 1360 is divided by 334?
24
Calculate the remainder when 1515 is divided by 275.
140
What is the remainder when 847 is divided by 378?
91
What is the remainder when 37766 is divided by 3146?
14
What is the remainder when 608853 is divided by 276?
273
What is the remainder when 2136 is divided by 354?
12
What is the remainder when 9198 is divided by 542?
526
What is the remainder when 528562 is divided by 343?
342
Calculate the remainder when 1852 is divided by 365.
27
Calculate the remainder when 7673 is divided by 4508.
3165
Calculate the remainder when 17743 is divided by 57.
16
Calculate the remainder when 1093 is divided by 398.
297
What is the remainder when 271597 is divided by 56?
53
What is the remainder when 2573 is divided by 2457?
116
What is the remainder when 64040 is divided by 10672?
8
Calculate the remainder when 47896 is divided by 292.
8
What is the remainder when 5259 is divided by 363?
177
What is the remainder when 21106 is divided by 553?
92
What is the remainder when 3826 is divided by 1073?
607
What is the remainder when 104175 is divided by 116?
7
Calculate the remainder when 12496 is divided by 431.
428
What is the remainder when 70111 is divided by 56?
55
What is the remainder when 11928 is divided by 28?
0
Calculate the remainder when 210986 is divided by 80.
26
Calculate the remainder when 86427 is divided by 32.
27
Calculate the remainder when 2011 is divided by 42.
37
Calculate the remainder when 1670 is divided by 108.
50
What is the remainder when 880042 is divided by 293347?
1
What is the remainder when 71777 is divided by 37?
34
Calculate the remainder when 169944 is divided by 14.
12
What is the remainder when 213729 is divided by 213707?
22
Calculate the remainder when 1099567 is divided by 76.
75
What is the remainder when 72034 is divided by 54?
52
What is the remainder when 104932 is divided by 16?
4
What is the remainder when 1493 is divided by 345?
113
Calculate the remainder when 109500 is divided by 366.
66
Calculate the remainder when 13571 is divided by 22.
19
What is the remainder when 573433 is divided by 28?
21
What is the remainder when 108375 is divided by 70?
15
What is the remainder when 137854 is divided by 66?
46
Calculate the remainder when 497 is divided by 225.
47
What is the remainder when 28594 is divided by 3173?
37
What is the remainder when 16915 is divided by 23?
10
What is the remainder when 13870 is divided by 1385?
20
Calculate the remainder when 36820 is divided by 85.
15
What is the remainder when 197566 is divided by 8?
6
Calculate the remainder when 150427 is divided by 48.
43
Calculate the remainder when 8990 is divided by 689.
33
What is the remainder when 74006 is divided by 36977?
52
What is the remainder when 1110 is divided by 496?
118
Calculate the remainder when 4810 is divided by 534.
4
Calculate the remainder when 406860 is divided by 148.
8
What is the remainder when 11411 is divided by 168?
155
What is the remainder when 182152 is divided by 14?
12
What is the remainder when 11217 is divided by 11203?
14
Calculate the remainder when 47003 is divided by 11739.
47
What is the remainder when 68220 is divided by 8525?
20
Calculate the remainder when 13862 is divided by 6920.
22
Calculate the remainder when 4725 is divided by 19.
13
Calculate the remainder when 353910 is divided by 83.
81
Calculate the remainder when 30466 is divided by 780.
46
What is the remainder when 2326 is divided by 2058?
268
What is the remainder when 3574 is divided by 105?
4
Calculate the remainder when 10268 is divided by 2556.
44
Calculate the remainder when 34808 is divided by 7.
4
What is the remainder when 369217 is divided by 1061?
1050
Calculate the remainder when 1834781 is divided by 59.
58
Calculate the remainder when 20933 is divided by 876.
785
What is the remainder when 31217 is divided by 156?
17
What is the remainder when 2618 is divided by 61?
56
What is the remainder when 27737 is divided by 106?
71
What is the remainder when 12190 is divided by 266?
220
Calculate the remainder when 3116 is divided by 513.
38
What is the remainder when 18015 is divided by 7?
4
Calculate the remainder when 45446 is divided by 95.
36
What is the remainder when 37002 is divided by 18?
12
Calculate the remainder when 6348 is divided by 35.
13
Calculate the remainder when 323830 is divided by 103.
101
What is the remainder when 13556 is divided by 10?
6
What is the remainder when 166520 is divided by 20812?
24
Calculate the remainder when 7125 is divided by 122.
49
Calculate the remainder when 55323 is divided by 63.
9
What is the remainder when 2078 is divided by 22?
10
What is the remainder when 83685 is divided by 108?
93
Calculate the remainder when 44012 is divided by 68.
16
What is the remainder when 3548 is divided by 219?
44
What is the remainder when 630588 is divided by 472?
468
Calculate the remainder when 7555 is divided by 199.
192
Calculate the remainder when 282099 is divided by 26.
25
Calculate the remainder when 16173 is divided by 16122.
51
Calculate the remainder when 1408 is divided by 16.
0
What is the remainder when 39147 is divided by 261?
258
What is the remainder when 1835 is divided by 35?
15
Calculate the remainder when 98010 is divided by 14.
10
Calculate the remainder when 8512 is divided by 757.
185
Calculate the remainder when 1938 is divided by 245.
223
What is the remainder when 1000322 is divided by 25?
22
Calculate the remainder when 43884 is divided by 266.
260
What is the remainder when 194799 is divided by 379?
372
Calculate the remainder when 9936 is divided by 194.
42
What is the remainder when 10696 is divided by 305?
21
What is the remainder when 93228 is divided by 5?
3
Calculate the remainder when 102634 is divided by 37.
33
What is the remainder when 20095 is divided by 9910?
275
Calculate the remainder when 73412 is divided by 73358.
54
Calculate the remainder when 53879 is divided by 6.
5
Calculate the remainder when 802765 is divided by 167.
163
Calculate the remainder when 69780 is divided by 17.
12
Calculate the remainder when 87147 is divided by 9682.
9
Calculate the remainder when 10969 is divided by 17.
4
What is the remainder when 11211 is divided by 160?
11
What is the remainder when 7472 is divided by 478?
302
Calculate the remainder when 225478 is divided by 10731.
127
Calculate the remainder when 15663 is divided by 88.
87
Calculate the remainder when 109329 is divided by 377.
376
Calculate the remainder when 31312 is divided by 31269.
43
Calculate the remainder when 23151 is divided by 30.
21
Calculate the remainder when 5830 is divided by 2177.
1476
Calculate the remainder when 273699 is divided by 32.
3
What is the remainder when 7025519 is divided by 1203?
1202
Calculate the remainder when 162261 is divided by 115.
111
Calculate the remainder when 1475807 is divided by 727.
724
Calculate the remainder when 183594 is divided by 7060.
34
What is the remainder when 8756 is divided by 1459?
2
Calculate the remainder when 29860 is divided by 356.
312
Calculate the remainder when 4571 is divided by 1523.
2
Calculate the remainder when 744271 is divided by 372124.
23
What is the remainder when 8247 is divided by 127?
119
Calculate the remainder when 341709 is divided by 678.
675
Calculate the remainder when 1984 is divided by 658.
10
What is the remainder when 11270 is divided by 57?
41
What is the remainder when 86425 is divided by 7?
3
Calculate the remainder when 8458 is divided by 2718.
304
What is the remainder when 48725 is divided by 1249?
14
What is the remainder when 1428559 is divided by 280?
279
What is the remainder when 53991 is divided by 43?
26
What is the remainder when 394029 is divided by 545?
539
Calculate the remainder when 3306184 is divided by 2769.
2767
Calculate the remainder when 270129 is divided by 70.
69
What is the remainder when 72384 is divided by 444?
12
What is the remainder when 310081 is divided by 19379?
17
Calculate the remainder when 1159 is divided by 109.
69
Calculate the remainder when 1357430 is divided by 30.
20
What is the remainder when 21672 is divided by 7205?
57
What is the remainder when 1903 is divided by 1825?
78
What is the remainder when 68372 is divi